late w(-6).
9
Suppose 2 = -w - 4. Let m = w - 11. Let r = -20 - m. Let s(j) = 2*j**2 + 2*j - 4. Calculate s(r).
8
Let u(t) be the first derivative of -t**4/4 - 7*t**3/3 + 3*t**2/2 + 4*t + 418. What is u(-6)?
-50
Suppose 4*q + 9 = 101*r - 106*r, 2 = 2*q - 4*r. Let g(x) = 7*x - 2. What is g(q)?
-9
Let s be ((21 - 18) + -3)/(2/2). Let c(n) = -n - 21. Give c(s).
-21
Let p(j) = -3*j. Suppose -2*l = 2*l - 288. Let f be (-6)/14 - (-5 + l/28). Give p(f).
-6
Suppose 598 = 4*s + 610. Let j(c) = 8*c - 5. Calculate j(s).
-29
Let i(k) = 50*k**3 - 5*k - 7 - 5*k**2 - 5*k**3 - 44*k**3. What is i(6)?
-1
Let k = 38 + -21. Suppose 7 - k = -5*b. Let t(s) = 8 + 7 + 2*s + s**b - 17. Calculate t(3).
13
Let p(x) be the third derivative of x**7/840 - x**6/240 - x**5/30 + x**4/12 + 18*x**2. Let j(v) be the second derivative of p(v). Calculate j(3).
14
Let n(m) = -5*m + 12*m - 32 - 10*m. Calculate n(-9).
-5
Let l(m) be the third derivative of -m**4/12 + 11*m**3/6 - 8*m**2. Let w be l(7). Let u be (0 - w)*10/6. Let v(q) = q**3 - 5*q**2 + q - 1. Give v(u).
4
Let x(r) = r**3 - 2*r**2 - 3*r + 1. Let v(h) = 2*h + 21 - 6 - 50. Let q be v(17). Let z be (2 - q)*(11 - 10). Give x(z).
1
Let d(k) = -k**2 - 2*k - 1. Let f be d(-2). Let w be (f - -3) + -2 + 0. Suppose 4*z + p + 15 = w, -z + 2*p + 2 = -1. Let v(l) = 2*l + 1. Give v(z).
-5
Suppose -2*b + t + 35 = 3*b, 0 = 2*b - 5*t - 37. Let q(w) be the third derivative of 7/6*w**3 + 14*w**2 - 1/24*w**4 + 0 + 0*w. What is q(b)?
1
Let j(i) = -2*i**2 + 9*i + 10. Let v(a) = 6*a**2 + 7*a + 6. Let p be v(-1). Determine j(p).
5
Suppose 0 = 3*u - c, 5*u - 2*u - 15 = -4*c. Let b(p) = 6*p**3 + 3*p - 2. What is b(u)?
7
Let l(d) = -10*d**2. Let i(a) = a**3 + 2*a - 4. Let v be i(3). Let p = 8 + -36. Let h = p + v. Give l(h).
-10
Let d(y) = -y**2 - 11*y + 5. Let w be d(-12). Let m(h) = h**3 + 8*h**2 + 6*h + 7. Calculate m(w).
14
Let u be (12/(-8))/(6/(-104)). Suppose 8 = 25*j - u*j. Let d(g) = g + 15. Determine d(j).
7
Let d = -66 - -70. Suppose 0*u - x - 1 = u, 3 = -3*u + d*x. Let v(q) = 2*q + 1. Calculate v(u).
-1
Let g(v) = -v**2 + 3*v - 2. Suppose -5*m = 14 + 161. Let q be 26/14 + (-5)/m. Determine g(q).
0
Let s(r) = 8*r**2 + 6*r + 4. Let w(j) = -13*j**2 - 9*j - 6. Let u(y) = 8*s(y) + 5*w(y). Calculate u(-2).
-8
Let m(x) = x**2 - 6*x + 8. Let s(p) = -p**2 + 6*p - 8. Let u(f) = 4*m(f) + 5*s(f). Let d(v) = -v - 2. Let z be d(-8). Give u(z).
-8
Let z(y) = -3*y**3 - 2*y**2 + y - 9. Let l(n) = -4*n**3 + n - 8. Let h(b) = 4*l(b) - 5*z(b). What is h(10)?
3
Let x(j) = j**3 + 5*j**2 - 7*j + 1. Let n be 275/66 - 2/12. Suppose -11 + 35 = -n*k. Give x(k).
7
Let j be 2/(3 + -3 + 2). Let u(g) = j - 4*g - 4 - g - g**3 - 4*g**2. Calculate u(-3).
3
Let y(x) be the second derivative of -5*x**3/6 + x**2 - 2*x - 26. Give y(-5).
27
Let a(h) = h**3 - 7*h**2 - 2*h + 9. Let t be (12/(-18))/((-2)/21). What is a(t)?
-5
Let k(o) = 150*o - 132. Let l be k(1). Let m(u) = 6*u - 106. Give m(l).
2
Let m = -12 + 12. Let f(v) = m*v + 4 - 5 + 2*v - 4*v. Suppose p - g + 5 = 0, 3 - 8 = 2*p + 3*g. Calculate f(p).
7
Let r(q) = q**2 + 7*q + 5. Let z(m) = m + 2. Let b be z(-9). Determine r(b).
5
Let v(o) = -o**3 + 6*o**2 + 8*o + 10. Let y = -1029 - -1036. Calculate v(y).
17
Let s(c) = c**3 - 6*c**2 - 5*c + 7. Suppose -76*q + 384 = -148. Calculate s(q).
21
Let h(k) be the third derivative of -k**7/840 - k**6/120 - k**5/24 - k**4/12 + k**3/6 + 10*k**2. Let u(l) be the first derivative of h(l). Determine u(-3).
13
Let h(k) be the first derivative of k**3/3 + 3*k**2 - 5*k + 283. What is h(-9)?
22
Let k(l) = -l**2 - 12*l - 8. Let g(x) = x**3 + 8*x**2 + 6*x + 3. Let r(y) = -y**3 - 9*y**2 - 6*y - 3. Let u(v) = -3*g(v) - 2*r(v). Let s be u(-4). Give k(s).
3
Let a(x) = -3*x - x**2 - 5 + x + 3 + 0*x. Let p = -6 + -32. Let m = p + 35. Determine a(m).
-5
Let i(t) = -6*t**3 - 36*t**2 - 7*t - 28. Let l(b) = b**3 + 7*b**2 + b + 5. Let w(d) = -2*i(d) - 11*l(d). Calculate w(4).
-3
Let a(t) = 11*t**2 - t**3 - t - t**2 - 3*t**2 + 2. Let o = 6 + -2. Suppose 5*q - o*n = 51, 5*n = 2*q - 5*q + 1. What is a(q)?
-5
Let d be 19/(-38) - 5/(-4)*2. Let o(i) = -12*i**2 + i**3 - 9 + i**2 + 7*i + 4*i**d + 0*i**2. Suppose -4*k - 5*s + 55 = 6, 0 = 3*k - 2*s - 8. What is o(k)?
-3
Let u(k) = -k**2 - 5*k - 7. Let h(n) = 11 - n**2 - 3*n - 8 - 4. Let t be h(-4). Give u(t).
-7
Let v(w) = -2*w. Let x be (5 + -1)/(-3 - -2). Let i be 0 - (x - (-4 + -6)). Let z be 1/((-2)/8) - i. What is v(z)?
-4
Suppose -22*a = -20*a - 110. Let n = a + -50. Let z(q) = -q**2 + 5*q + 4. What is z(n)?
4
Let n be (18/4)/((-15)/(-20)). Suppose -4*i + 10 = 2*b, -b + 15 = -n*b. Let w(c) = -c**3 + 5*c**2 - 4*c + 1. Determine w(i).
1
Let y(c) be the second derivative of -5/3*c**3 + 11/12*c**4 + 4*c**2 + 0 - 11*c - 1/20*c**5. What is y(10)?
8
Let l(b) = b**3 - 3*b**2 - 3. Let y be 20/14 + -1 - 648/(-252). Let t be (y - 1) + 1 - 0. Give l(t).
-3
Suppose x + 5*u + 4 = -7, 4*x - 24 = -3*u. Suppose -3*c - x = -6*c. Let o(w) = -w**2 + 0*w - 3*w + 7*w. Give o(c).
3
Let m(l) = 2*l + 1. Suppose -c - 11 + 23 = 0. Suppose -c - 4 = 8*d. Determine m(d).
-3
Let h be ((-90)/10 - -6)*(-11)/3. Let c(d) = -d**2 + 10*d + 17. Give c(h).
6
Let i(p) = p**2 + p + p - 4*p. Let t(z) = -z**2 + 10*z - 20. Suppose -k - k = -5*h + 34, 0 = -3*h - k + 16. Let n be t(h). Give i(n).
8
Let s(g) = -g**2 - 47*g - 460. Let c be s(-33). Let h(f) = -2*f + 4. Give h(c).
0
Let i(l) = l - 1. Let f(h) = h**2 - 3*h + 3. Let c(o) = -f(o) - 6*i(o). Suppose -26 = -5*u - 1. Suppose 6 + 19 = -u*m. Calculate c(m).
-7
Let t(r) be the first derivative of r**3/3 + r**2/2 - 2*r + 876. Suppose 0 = 3*k - 3*h + 15, 6*k = 4*k + 3*h - 15. Give t(k).
-2
Let u(l) = 3*l - 8. Let a = 9 - 11. Let n be ((-10)/a)/((-70)/(-84)). Determine u(n).
10
Let c(o) = -o - 1. Let r be (5 - 5)*(-7)/14. Suppose t = 3*q + 6, -7*t + 2*t + q = -16. Suppose 4*l + 3*d + t = 0, r*d - 16 = -2*l + 2*d. What is c(l)?
-4
Suppose 2*m - 69 = 3*j + 5*m, 145 = -5*j + 5*m. Let z = -17 - j. Let n(v) = v**3 - 10*v**2 + 9*v - 3. Give n(z).
-3
Let x(l) = l**3 + 9*l**2 + 9*l - 7. Let w = -785 - -778. Determine x(w).
28
Let d(q) = q - 24 + 18 - q + 14 + 4*q. Let h = 11 + -18. Determine d(h).
-20
Let y(q) = -q**3 + 7*q**2 - 6*q - 5. Let s = -126 + 132. Calculate y(s).
-5
Let n(x) = x**3 + 8*x**2 + 6*x - 2. Suppose -24*p + 21 = -27*p. What is n(p)?
5
Let p(j) = -2*j - 5. Let n(b) = b**3 - 18*b**2 - 17*b - 34. Let c(i) = 2*i**3 - 37*i**2 - 35*i - 68. Let o(q) = -4*c(q) + 9*n(q). Let u be o(15). Give p(u).
3
Let n(x) be the first derivative of x**4/4 - 7*x**3/3 + 3*x**2 + 5*x + 76. Let b = 15 - 9. Determine n(b).
5
Let l(j) be the second derivative of j**4/12 + j**3/6 - j**2/2 - 3*j. Let y be 6/8 - 210/(-168). Calculate l(y).
5
Let n be 4/(-10) + 608/95. Let v(z) = -5*z - n - 97*z**2 - 3*z + 0*z + 96*z**2. What is v(-8)?
-6
Let b = -196/13 + 431/26. Let c(p) be the first derivative of 3*p - b*p**2 - 4 - p**3. Calculate c(2).
-15
Let i be 3 + 4 - 3 - 12. Let s(a) = -9*a + 0*a**3 - 6 + a**3 + 189*a**2 - 182*a**2. What is s(i)?
2
Let i be (30/(-180))/((3 - 2) + -2). Let s(b) be the third derivative of -i*b**3 + 0*b**4 + 0*b - 8*b**2 + 1/60*b**5 - 1/120*b**6 + 0. Give s(2).
-5
Suppose 106*g = 122*g - 112. Let n(t) = -4*t + 15. Give n(g).
-13
Let c be (-4)/(28/(-49)) - 3. Let t(h) be the first derivative of 3 - 1/3*h**3 - 4*h - c*h**2. Determine t(-6).
8
Let f(b) = b**2 - 8*b - 24. Let o be f(10). Suppose c + 2*c = 18. Let p(u) = u**3 - c + 3*u**2 - 2*u**2 + 2*u**2 - 4*u. What is p(o)?
-6
Let v be (0 + (-4)/8)*0. Suppose 3*p + v*p = 0. Let m(i) = 0 - 2*i**2 + 5 + i**3 + 3*i**2. Calculate m(p).
5
Let q(t) = -t + 1. Let k(g) = g**2 + 8. Let b(f) = k(f) - 5*q(f). Determine b(-4).
-1
Let i be (-450)/115 + -2 + 38/(-437). Let s(y) = y**2 + 3*y - 11. Give s(i).
7
Let z be (2 - (-6)/(-2)) + 4. Let k(l) = l**2 + 0 - 9*l + 0 - 5 + z*l. Determine k(7).
2
Let b = -40 + 42. Let o(m) = -m - 4. Let f be o(-4). Let l(y) = 1 + 5 + f*y**3 + 4*y**b - 5*y + 2*y + y**3. What is l(-5)?
-4
Suppose 7*d - 5*d = 4. Suppose 4 = -0*t + d*t. Let o(b) = t - 4 - 4*b - 5 + b**2. Determine o(6).
5
Let a(w) = 11. Let k(z) = -3*z + 4*z - 6*z - 34 + 4*z. Let p(g) = 7*a(g) + 2*k(g). Determine p(6).
-3
Let r(q) = -2*q + 3. Let b(x) = 8*x - 13. Let k(z) = -b(z) - 5*r(z). Calculate k(3).
4
L